- y**3/3 + 23*y**2 + 45. Let r(m) be the second derivative of v(m). What is r(-6)?
10
Let z = -2934 - -2936. Let n(u) be the first derivative of -u**3/3 - u**2/2 + 2*u + 11. Determine n(z).
-4
Suppose 3*q - 17*q + 7336 = 0. Let p = -519 + q. Let m(w) = w**3 - 4*w**2 - 5*w + 6. What is m(p)?
6
Suppose 20*w + 19 + 1 = 0. Let x(k) = k - 2. Let l(f) = -3*f**2 - 8*f + 10. Let s(i) = w*l(i) - 6*x(i). What is s(-2)?
10
Let v(z) = -3*z + 68. Let n be v(22). Let q(g) = -10 - g - n*g - g + 5*g. Determine q(6).
-4
Let w = -35 + 35. Suppose w = -5*c + 2*c. Let x(f) = -148 + 2*f - 139 + 423 - f - 147. What is x(c)?
-11
Let y(d) = -14*d**3 + 12*d**2 - 12*d + 1. Let s(p) = -4*p + 107*p**2 + 10*p**3 - 103*p**2 - 15*p**3. Let h(v) = 17*s(v) - 6*y(v). Calculate h(-5).
-1
Let k(o) = -141*o - 9 + o**2 + 76*o + 71*o - 11 + 6. Determine k(-7).
-7
Let t(v) = -2*v**3 - 2*v**2 + 3*v + 2. Suppose 224*x - 218*x = -270. Let m(k) = -2*k - 92. Let q be m(x). What is t(q)?
4
Let b = -439 + 443. Let s = 1 - 7. Let t(d) = -5*d**3 + 3*d**2 - 3*d + 12. Let l(x) = 11*x**3 - 7*x**2 + 6*x - 25. Let q(z) = s*l(z) - 13*t(z). Give q(b).
-10
Let n(s) = -2*s**2 - 9*s - 4. Let y(f) = 2*f**2 - 2*f - 86. Let z be y(7). What is n(z)?
6
Let a(n) = n**3 - 8*n**2 - 9*n - 10. Let j be 1/(1 - (-24)/(-27)). Give a(j).
-10
Let y(c) = -19*c**3 + 14*c**2 + 14*c - 13. Let r(z) = -23*z**3 + 17*z**2 + 16*z - 13. Let q(h) = -5*r(h) + 6*y(h). Give q(3).
17
Let s(m) = -2*m - 33039*m**3 + 2*m**2 + 16569*m**3 + 16472*m**3. Suppose 3*h + 5 - 2 = -3*w, 4 = 2*w. Let i be h - -1 - (-1 + 1). What is s(i)?
-4
Let j(y) = 4*y - 5. Let r be 680/(-850) - -4*6/(-20). Calculate j(r).
-13
Let d(l) be the first derivative of -15*l**2/2 + 3*l + 468. What is d(-1)?
18
Suppose -59 - 78 = -137*q. Let p(r) = -r**3 + 14*r**2 + 3*r - 3. Let c be p(14). Let g(j) = -39 + c - 19*j. Give g(q).
-19
Let a = -100 - -104. Let l(p) = 5*p**2 - p - 10. Let m(f) = -11*f**2 + f + 20. Let t(j) = a*m(j) + 9*l(j). Calculate t(8).
14
Let n(a) be the first derivative of -a**3/3 - a**2/2 - 7*a - 189. Determine n(0).
-7
Let r(f) be the second derivative of 3*f - 11 + 0*f**2 + f**3 - 1/12*f**4. Give r(6).
0
Let l(r) = 1514*r - 44 + 331*r + r**2 - 1822*r. Determine l(2).
6
Let d(u) = -3*u**2 + 9*u - 9. Let n(p) = p**2 + 4*p + 4. Let b be n(0). Let m be d(b). Let o = m + 19. Let s(g) = 4*g**2 + 3*g + 2. What is s(o)?
12
Let x(v) = 2*v**3 + 8*v**2 - 38*v + 12. Let q(y) = 10*y**3 + 41*y**2 - 200*y + 60. Let r(i) = 3*q(i) - 16*x(i). Give r(-5).
73
Let t = 16 - 14. Let v(b) = -2 - 8*b**t - 28*b + 20*b + 7*b**2. What is v(-8)?
-2
Let i(n) = 79*n + 88*n + 18 - 260*n + 80*n. Determine i(4).
-34
Let f(y) = y**2 + 3. Let p be ((-8)/(-2))/((-3)/(18/12)). Let u be f(p). Let a(n) = -5*n - 11 + 7 - n**2 + u + 5. Determine a(-6).
2
Let x(m) = m**3 - 16*m**2 + 51*m + 24. Let k be x(5). Let j(t) = 3*t**2 - 2*t + 9. Determine j(k).
49
Let s(c) be the first derivative of c**4/6 + c**2/2 + 91*c - 27. Let j(v) be the first derivative of s(v). Calculate j(1).
3
Let g(h) = -4*h**2 + 6*h + 7. Let a be g(3). Let r(q) = q**3 + 9*q**2 - 21*q + 3. What is r(a)?
-8
Let w be 38/(-6) - 2/(-6). Let u(z) = 35*z**3 - 14*z**2 + 4*z. Let i(c) = 61*c**3 - 26*c**2 + 7*c - 1. Let p(f) = 4*i(f) - 7*u(f). Give p(w).
-4
Let p be 8 - 1 - (3 - 0). Let w be ((-3)/p)/(26/8 + -3). Let x be (-14)/(-6) + w/9. Let j(m) = -m**3 + 3*m**2 - 2*m - 2. Calculate j(x).
-2
Let f = 5333 + -5321. Let g(v) = -v**3 + 12*v**2 - 3*v - 11. Determine g(f).
-47
Let r be 32/4 - (1 - 2 - -5). Let a = 4 - r. Let k(j) = -j**3 - j**2 - j + 25. What is k(a)?
25
Suppose 17 = -b - 5*t + 5, -3*b - 12 = 3*t. Let r(v) = 2*v**2 + 5*v + 10. Calculate r(b).
8
Let g be 30/50 - (1 + (-47)/5). Suppose -z - j = z - 46, -g = -z + 3*j. Let u = 17 - z. Let k(t) = -t**2 + 4. Give k(u).
-12
Let x(q) be the first derivative of q**4/4 + 2*q**3 - 7*q**2/2 + 8*q + 4. Suppose -a - 4*l = 7, 0 = 5*a - 1454*l + 1450*l + 35. Give x(a).
8
Suppose -p + 4 = 3*p + 3*i, 2*p + 2*i - 2 = 0. Let m(y) = -116*y + 2*y**2 - y**2 + 50*y + p + 59*y. Calculate m(7).
1
Suppose 4*d - 6*d - 104 = 0. Let x = d + 40. Let c(g) = -g**3 - 11*g**2 + 13*g + 8. Let w be c(x). Let t(i) = -2*i**2 - 4*i + 5. What is t(w)?
-11
Suppose 780 = -14*q - 2*q - 44*q. Let a(c) = -2*c - 24. What is a(q)?
2
Let y(w) = -6*w**2 - 9*w + 17. Let a be y(4). Let m = a + 118. Let z(j) = 0*j**3 + j**m - 2*j**2 - 6 + 2*j - 2*j**3 + 3. Calculate z(-4).
21
Let h(w) = w**2 + 9*w + 7. Let m(q) = -q**3 + 13*q**2 + 16*q + 5. Let j = -67 + 81. Let s be m(j). Suppose -6*k - 9 - s = 0. Give h(k).
-7
Let t(r) = r**2 + 8*r - 8. Let f = 22 - 20. Suppose 2*v = f*i + 10 - 34, 0 = -i + 3*v + 22. Suppose 3*l = -i*j + 3*j - 11, 0 = -5*l + j - 49. What is t(l)?
1
Let z(b) = 11*b**3 - 13*b**2 + b + 6. Let c(a) = -26*a**3 + 26*a**2 - 13. Let k(t) = -2*c(t) - 5*z(t). Give k(4).
-8
Suppose -236*k + 50*k - 2418 = 0. Let g(i) = -i**3 - 12*i**2 + 14*i + 12. Calculate g(k).
-1
Let d = 212 + -204. Let c(w) = -6*w**2 - 5 + w**3 - d + 18 + 4*w + w. Calculate c(5).
5
Let n(q) = 2*q**2 - 7*q + 1. Let i(p) = -9*p**2 + 22*p - 15. Let c(a) = i(a) + 4*n(a). What is c(-7)?
-18
Let r(m) = -8*m - 33. Suppose -3*y + 2*u - 32 = -39, -5*u = y - 25. Suppose -5*w + y*o = 5, w + 15 = -2*w - o. Calculate r(w).
-1
Suppose -2*u + 7*u = 20. Suppose -v - 2*b = b + 4, 4*v + u*b = 0. Let q(w) = 2*w**2 + 2*w - 1. Give q(v).
11
Let i(n) be the second derivative of 3*n**2 - 1/12*n**4 + 0 - 9*n - n**3. Suppose -4*r - 44 = -k - 3*k, -r + 5*k - 27 = 0. Calculate i(r).
-1
Let c(n) = n**3 - 9*n**2 + 9*n + 1. Let k(o) = -o - 14. Suppose -4*s = 2*f - 26, 7*f + 20 = 4*s + 3*f. Let d be k(s). Let z = d - -28. Determine c(z).
9
Let a = -88 + 91. Let r(b) = -b**2 + 8*b + 1. Let n(i) = -2*i**2 + 16*i. Let m(o) = a*n(o) - 5*r(o). Calculate m(6).
7
Let m(r) = -25*r**2 + 8*r - 18. Let u(j) = -21*j**2 + 6*j - 14. Let y(n) = -4*m(n) + 5*u(n). What is y(2)?
-22
Let r = -5 - -8. Suppose 7*q = -33*q + 1080. Let o(z) = z - 2*z**2 + 30*z - 1 - q*z. Calculate o(r).
-7
Let n(p) = -11*p**2 - 10*p + 10. Let z be (1/(-2))/(5/(-10)). Let u be n(z). Let i(r) = -r**2 - 13*r - 20. What is i(u)?
2
Let s = -269 + 271. Let g(d) = -7*d**s - 6*d**2 + 4*d - 3*d**2 + 17*d**2 - 2. Suppose -h - 12 = 2*h. Calculate g(h).
-2
Let y(c) be the third derivative of -c**4/12 - c**3/3 - 1416*c**2. Let i be (-6)/9 - 87/(-9). What is y(i)?
-20
Let o be 1 - -4 - -1*1. Let i(y) = -3*y + 7*y**2 - 4 + 0*y**2 - o*y**2. Let s be -11 + -10 + 18 + 8. Calculate i(s).
6
Let z(x) = -277972 + 3*x + 277972 - 5*x. Let o be -2 + (-1 - -4) + -8. What is z(o)?
14
Let m be 34/8 - ((-45)/12 - -4). Let j(x) = -111*x**3 - 104*x**3 + 216*x**3 - x - m*x**2 - 1. Calculate j(4).
-5
Let r = -16 - -9. Let t(l) = -5*l + 5. Let n(f) = -3*f + 95 - 179 + 87. Let x(v) = r*n(v) + 4*t(v). Determine x(0).
-1
Let c(p) = 532 - 1056 - p**2 + 500 + 12*p + 6*p. Calculate c(16).
8
Let v(o) = 6*o**2 + 42627 + 42632 - 85256. Determine v(2).
27
Suppose -1 = 2*i - 7. Let s(r) = r**2 + 0*r**i - r**3 + 3*r**2 - 4. Let m = 5099 + -5095. Calculate s(m).
-4
Let i(d) = 9 + 11 - 5 + 5*d - 1. Let n be i(-3). Let a(q) be the second derivative of -9*q**5/20 + q**4/12 - q**2/2 - 3*q + 2. Calculate a(n).
9
Let d be (-1299)/12 + 6*2/48. Let o = -102 - d. Let n(z) = z**2 + z - 1. Determine n(o).
41
Let y(x) = 26*x**2 - 23*x + 73. Let g(a) = 5*a**2 - a - 1. Let p(z) = -5*g(z) + y(z). Give p(10).
-2
Let y be (-9*2 + 8/(-8))*-6. Let j = -111 + y. Let b(v) = v**2 - 3*v + 3. Determine b(j).
3
Let x = 7 + -5. Suppose x = 2*p - 0*p. Let y(k) = -4*k + 9*k + 29155*k**3 + 1 - 7*k - 29160*k**3. Give y(p).
-6
Let f(y) be the second derivative of -1/4*y**4 - 2*y**2 + 0 + 258*y + 2/3*y**3. What is f(4)?
-36
Let p(h) be the second derivative of h**4/6 + 7*h**3/6 - 3*h**2/2 + 2232*h. What is p(6)?
111
Let q(h) be the first derivative of h**3/3 - h**2/2 - 12*h + 2. Suppose 31*l = 8*l + 92. Suppose l*r = 7*r. What is q(r)?
-12
Let p(i) be the second derivative of i**6/720 + 19*i**5/120 - 17*i**4/6 + 49*i - 2. Let u(f) be the third derivative of p(f). Calculate u(-17).
2
Suppose -5*i = 3*i - 2776. Let o(f) = 348 - 4*f**2 + 3*f**2 - i. Determine o(-2).
-3
Suppose 4*j + 355 = 323. Let a(u) = -3*u**2 + 2*u**2 + 6 - u**3 - 8*u**2 - 8*u. Determine a(j).
6
Suppose 302 = 31*